{"id":91,"date":"2015-09-24T22:19:38","date_gmt":"2015-09-24T21:19:38","guid":{"rendered":"http:\/\/ergobulle.ch\/index.php\/infos-pratiques-copy\/"},"modified":"2025-10-24T09:23:03","modified_gmt":"2025-10-24T08:23:03","slug":"notre-etablissement-2","status":"publish","type":"page","link":"https:\/\/ergobulle.ch\/index.php\/notre-etablissement-2\/","title":{"rendered":"Notre \u00e9tablissement"},"content":{"rendered":"<\/p>\n<!--themify_builder_content-->\n<div id=\"themify_builder_content-91\" data-postid=\"91\" class=\"themify_builder_content themify_builder_content-91 themify_builder tf_clear\">\n                    <div  data-lazy=\"1\" class=\"module_row themify_builder_row tb_babc4c5 tb_first tf_w\">\n                        <div class=\"row_inner col_align_top tb_col_count_1 tf_box tf_rel\">\n                        <div  data-lazy=\"1\" class=\"module_column tb-column col-full tb_dcb28d6 first\">\n                    <!-- module text -->\n<div  class=\"module module-text tb_a8dcd08   \" data-lazy=\"1\">\n        <div  class=\"tb_text_wrap\">\n        <h2 class=\"\\&quot;post-title\">L&rsquo;\u00e9tablissement<\/h2>\n<div class=\"\\&quot;entry-content\\&quot;\">\n<div id=\"\\&quot;themify_builder_content-38\\&quot;\" class=\"\\&quot;themify_builder_content\" data-postid=\"\\&quot;38\\&quot;\">\n<div class=\"\\&quot;themify_builder_row\" data-gutter=\"\\&quot;gutter-default\\&quot;\">\n<div class=\"\\&quot;row_inner_wrapper\\&quot;\">\n<div class=\"\\&quot;row_inner\\&quot;\">\n<div class=\"\\&quot;col-full\">\n<div id=\"\\&quot;text-38-0-0-1\\&quot;\" class=\"\\&quot;module\">\n<p class=\"p1\"><span class=\"s1\">Dans notre \u00e9tablissement, qui se situe au centre-ville de Bulle (CH), les consultations s&rsquo;adressent \u00e0 des enfants ou adolescent.e.s pr\u00e9sentant des troubles du d\u00e9veloppement, m\u00eame l\u00e9gers.<\/span><\/p>\n<p class=\"p1\"><span class=\"s1\">Les troubles du d\u00e9veloppement restreignent la capacit\u00e9 d\u2019action de l\u2019enfant et sont observables dans les activit\u00e9s de la vie quotidienne (habillage, repas, dessin, \u00e9criture, loisirs, etc.) o\u00f9 l\u2019enfant peut \u00eatre d\u00e9crit comme maladroit, brusque, lent\/impulsif, craintif\/t\u00e9m\u00e9raire, d\u00e9sorganis\u00e9, inattentif, peu endurant, peu pers\u00e9v\u00e9rant, h\u00e9sitant dans le choix d\u2019une main dominante, n&rsquo;aimant pas dessiner, hyper\/hyposensible aux stimuli sensoriels.<\/span><\/p>\n<p class=\"p1\"><span class=\"s1\">Ces difficult\u00e9s peuvent p\u00e9jorer ses apprentissages, son \u00e9panouissement personnel, sa relation aux autres (difficult\u00e9s \u00e0 jouer avec les pairs, \u00e0 se faire des ami.e.s, \u00e0 exprimer ses \u00e9motions, etc.) et sa capacit\u00e9 d\u2019autonomie dans sa vie de tous les jours.\u00a0<\/span><\/p>\n<p class=\"p1\"><span class=\"s1\">Afin de favoriser un d\u00e9veloppement harmonieux, nous aidons l\u2019enfant \u00e0 exploiter son potentiel en lui proposant des activit\u00e9s cibl\u00e9es, avec un mat\u00e9riel et des techniques sp\u00e9cifiques (<\/span><span class=\"s2\">Le Groupe &amp; Moi<\/span><span class=\"s1\">, <\/span><span class=\"s2\">INS<\/span><span class=\"s1\">, <\/span><span class=\"s2\">Abc Boum !<\/span><span class=\"s1\">, etc.), en th\u00e9rapie individuelle et\/ou groupale.\u00a0<\/span><\/p>\n<\/div>\n<\/div>\n<\/div>\n<\/div>\n<\/div>\n<\/div>\n<\/div>    <\/div>\n<\/div>\n<!-- \/module text --><!-- module text -->\n<div  class=\"module module-text tb_x1tm187   \" data-lazy=\"1\">\n        <div  class=\"tb_text_wrap\">\n        <div class=\"\\&quot;entry-content\\&quot;\">\n<div id=\"\\&quot;themify_builder_content-38\\&quot;\" class=\"\\&quot;themify_builder_content\" data-postid=\"\\&quot;38\\&quot;\">\n<div class=\"\\&quot;themify_builder_row\" data-gutter=\"\\&quot;gutter-default\\&quot;\">\n<div class=\"\\&quot;row_inner_wrapper\\&quot;\">\n<div class=\"\\&quot;row_inner\\&quot;\">\n<div class=\"\\&quot;col-full\">\n<div id=\"\\&quot;text-38-0-0-1\\&quot;\" class=\"\\&quot;module\">\n<h3>Habilet\u00e9s sociales &#8211; enfants &amp; adolescent.e.s \u00a0TSA\u00a0<\/h3>\n<p>L&rsquo;une des sp\u00e9cificit\u00e9s de notre \u00e9tablissement est<strong> le travail sur les <a href=\"https:\/\/ergobulle.ch\/index.php\/2015\/09\/16\/travail-sur-les-habiletes-sociales\/\">habilet\u00e9s sociales<\/a> avec les enfants TSA, \u00e2g\u00e9s entre 8 et 12 ans et scolaris\u00e9s en circuit ordinaire<\/strong> (intervention par modules de 9 s\u00e9ances, alternant s\u00e9ances individuelles et groupales). Nous proposons aussi,\u00a0 \u00a0sur demande, des <strong>groupes d&rsquo;habilet\u00e9s sociales \u00e0 des adolescent.e.s TSA, \u00e2g\u00e9.e.s entre 12 et 15 ans et scolaris\u00e9.e.s en circuit <\/strong><b>ordinaire<\/b>.<\/p>\n<p>Afin de mettre en pratique les apprentissages effectu\u00e9s au cabinet et afin de d\u00e9velopper l&rsquo;autonomie, nous mettons ponctuellement sur pied des activit\u00e9s groupales diversifi\u00e9es (cuisine, piscine, parcours vitae, cin\u00e9ma, bataille navale en for\u00eat, etc.) qui impliquent des contacts avec le monde ext\u00e9rieur.\u00a0<\/p>\n<p>En fonction de la demande et des besoins de nos patients, nous proposons p\u00e9riodiquement les groupes suivants :\u00a0<\/p>\n<\/div>\n<div id=\"\\&quot;text-38-0-0-1\\&quot;\" class=\"\\&quot;module\">\n<ul>\n<li><strong>Jeux de soci\u00e9t\u00e9<\/strong> (enfants TSA d\u00e8s 8 ans)<\/li>\n<li><strong>Mon corps change<\/strong> (adolescentes TSA)<\/li>\n<li><strong>\u00c0 la cuisine !\u00a0<\/strong>(enfants TSA d\u00e8s 8 ans)<\/li>\n<li><strong>Go\u00fbtons &amp; go\u00fbter\u00a0<\/strong>(enfants TSA d\u00e8s 8 ans)<\/li>\n<li><strong>Je joue en for\u00eat\u00a0<\/strong>(enfants TSA entre 5 et 7 ans)<\/li>\n<li><strong>Grimpe\u00a0<\/strong>(d\u00e8s 8 ans)<\/li>\n<li><strong>Graphisme <\/strong>(d\u00e8s 4 ans)<\/li>\n<li><strong>Place \u00e0 mon fr\u00e8re ou \u00e0 ma soeur !<\/strong> (rencontres ludiques o\u00f9 les enfants, dont le fr\u00e8re ou la soeur est TSA, \u00e9changent sur leur v\u00e9cu)<\/li>\n<li><strong>Je viens avec mon fr\u00e8re ou ma soeur\u00a0<\/strong>(ateliers d&rsquo;habilet\u00e9s sociales pour enfants TSA d\u00e8s 8 ans et leur fr\u00e8re\/soeur)<\/li>\n<li><strong>Bin\u00f4mes parents-enfants<\/strong> (ateliers d&rsquo;habilet\u00e9s sociales pour des enfants TSA d\u00e8s 8 ans et un de leur parent)<\/li>\n<li><strong>Mon corps et l&rsquo;autre <\/strong>(bin\u00f4mes parents-enfants)<\/li>\n<li><strong>Rencontre entre parents d&rsquo;enfants TSA<br><\/strong><\/li>\n<\/ul>\n<\/div>\n<\/div>\n<\/div>\n<\/div>\n<\/div>\n<\/div>\n<\/div>    <\/div>\n<\/div>\n<!-- \/module text -->        <\/div>\n                        <\/div>\n        <\/div>\n                        <div  data-desktop-padding=\"500px,500px\" data-parallax-bg=\"desktop\" data-css_id=\"95e22e2\" data-lazy=\"1\" class=\"module_row themify_builder_row fullwidth_row_container tb_95e22e2 tf_w\">\n                        <div class=\"row_inner col_align_top tb_col_count_1 tf_box tf_rel\">\n                        <div  data-lazy=\"1\" class=\"module_column tb-column col-full tb_06d12ce first\">\n                            <\/div>\n                        <\/div>\n        <\/div>\n                        <div  data-lazy=\"1\" class=\"module_row themify_builder_row tb_aec8670 tf_w\">\n                        <div class=\"row_inner col_align_top tb_col_count_1 tf_box tf_rel\">\n                        <div  data-lazy=\"1\" class=\"module_column tb-column col-full tb_c823f79 first\">\n                    <!-- module text -->\n<div  class=\"module module-text tb_hpdp796   \" data-lazy=\"1\">\n        <div  class=\"tb_text_wrap\">\n        <h2 class=\"\\&quot;post-title\">Motifs de consultation<\/h2>\n<p>Nous apportons notre soutien aux enfants et adolescent.e.s pr\u00e9sentant des un.e :\u00a0<\/p>\n<ul>\n<li>difficult\u00e9s d&rsquo;interactions sociales\/relationnelles (TSA, Asperger)<\/li>\n<li>trouble de l&rsquo;int\u00e9gration sensorielle<\/li>\n<li>retard du d\u00e9veloppement neuromoteur<\/li>\n<li>dyspraxie (trouble d\u2019acquisition de la coordination)<\/li>\n<li>dysgraphie (trouble de de l&rsquo;\u00e9criture)<\/li>\n<li>difficult\u00e9s au niveau de l&rsquo;autonomie (habillage, repas, etc.)<\/li>\n<\/ul>    <\/div>\n<\/div>\n<!-- \/module text --><!-- module text -->\n<div  class=\"module module-text tb_e8103a4   \" data-lazy=\"1\">\n        <div  class=\"tb_text_wrap\">\n        <h2 class=\"\\&quot;post-title\">Th\u00e9rapeutes<\/h2>\n<p>Nous sommes quatre ergoth\u00e9rapeutes \u00e0 collaborer dans le cabinet <em>Ergoth\u00e9rapie en P\u00e9diatrie, <\/em>cr\u00e9\u00e9 en 2009 :<\/p>    <\/div>\n<\/div>\n<!-- \/module text --><!-- module text -->\n<div  class=\"module module-text tb_d44226f   \" data-lazy=\"1\">\n        <div  class=\"tb_text_wrap\">\n        <div>\n<figure id=\"attachment_739\" aria-describedby=\"caption-attachment-739\" style=\"width: 180px\" class=\"wp-caption alignnone\"><a href=\"http:\/\/ergobulle.ch\/wp-content\/uploads\/2023\/03\/melanie-150x150.jpeg\"><img loading=\"lazy\" decoding=\"async\" class=\"wp-image-739\" src=\"http:\/\/ergobulle.ch\/wp-content\/uploads\/2023\/03\/melanie-150x150.jpeg\" alt=\"\" width=\"180\" height=\"180\" \/><\/a><figcaption id=\"caption-attachment-739\" class=\"wp-caption-text\">M\u00e9lanie Richoz<\/figcaption><\/figure>\n<\/div>\n<p>\u00a0<\/p>\n<figure id=\"attachment_740\" aria-describedby=\"caption-attachment-740\" style=\"width: 180px\" class=\"wp-caption alignnone\"><a href=\"http:\/\/ergobulle.ch\/wp-content\/uploads\/2023\/03\/Louise_carre-150x150-1.jpeg\"><img loading=\"lazy\" decoding=\"async\" class=\"wp-image-740\" src=\"http:\/\/ergobulle.ch\/wp-content\/uploads\/2023\/03\/Louise_carre-150x150-1.jpeg\" alt=\"\" width=\"180\" height=\"180\" \/><\/a><figcaption id=\"caption-attachment-740\" class=\"wp-caption-text\">Louise Debruyne<\/figcaption><\/figure>\n<p>\u00a0<\/p>\n<figure id=\"attachment_741\" aria-describedby=\"caption-attachment-741\" style=\"width: 179px\" class=\"wp-caption alignnone\"><a href=\"http:\/\/ergobulle.ch\/wp-content\/uploads\/2023\/03\/Margaux.jpeg\"><img loading=\"lazy\" decoding=\"async\" class=\"wp-image-741\" src=\"http:\/\/ergobulle.ch\/wp-content\/uploads\/2023\/03\/Margaux-298x300.jpeg\" alt=\"\" width=\"179\" height=\"180\" srcset=\"https:\/\/ergobulle.ch\/wp-content\/uploads\/2023\/03\/Margaux-298x300.jpeg 298w, https:\/\/ergobulle.ch\/wp-content\/uploads\/2023\/03\/Margaux-150x150.jpeg 150w, https:\/\/ergobulle.ch\/wp-content\/uploads\/2023\/03\/Margaux-768x773.jpeg 768w, https:\/\/ergobulle.ch\/wp-content\/uploads\/2023\/03\/Margaux-1017x1024.jpeg 1017w, https:\/\/ergobulle.ch\/wp-content\/uploads\/2023\/03\/Margaux.jpeg 1860w\" sizes=\"auto, (max-width: 179px) 100vw, 179px\" \/><\/a><figcaption id=\"caption-attachment-741\" class=\"wp-caption-text\">Margaux Jungo<\/figcaption><\/figure>\n<p>\u00a0<\/p>\n<figure id=\"attachment_1184\" aria-describedby=\"caption-attachment-1184\" style=\"width: 178px\" class=\"wp-caption alignnone\"><a href=\"http:\/\/ergobulle.ch\/wp-content\/uploads\/2025\/06\/Capture-decran-2025-06-01-a-22.18.51.png\"><img loading=\"lazy\" decoding=\"async\" class=\"wp-image-1184\" src=\"http:\/\/ergobulle.ch\/wp-content\/uploads\/2025\/06\/Capture-decran-2025-06-01-a-22.18.51.png\" alt=\"\" width=\"178\" height=\"183\" \/><\/a><figcaption id=\"caption-attachment-1184\" class=\"wp-caption-text\">Lucile Freymond<\/figcaption><\/figure>    <\/div>\n<\/div>\n<!-- \/module text --><!-- module text -->\n<div  class=\"module module-text tb_s4md861   \" data-lazy=\"1\">\n        <div  class=\"tb_text_wrap\">\n        <div>\n<div><b style=\"font-size: 16px;\">Formations continues <\/b><span style=\"font-size: 16px;\">:<\/span><\/div>\n<\/div>\n<div class=\"\\&quot;mceTemp\\&quot;\">\n<div id=\"\\&quot;text-49-0-0-1\\&quot;\" class=\"\\&quot;module\">\n<div>\u2022 Guider les enfants autistes dans les habilet\u00e9s sociales (M. Richoz)<\/div>\n<div>\u2022 Int\u00e9gration neurosensorielle (J. Ayres)<br>\u2022 La modulation sensorielle et l\u2019autore\u0301gulation : ou\u0300 en sommes- nous? (N. Rouleau)<\/div>\n<div>\u2022 Enseignement de calligraphie ABC Boum! (N. Rouleau)<br>\u2022 Evaluation et traitement de l\u2019\u00e9criture chez les enfants pr\u00e9sentant des difficult\u00e9s motrices et perceptuelles (N. Rouleau)<br>\u2022 NEPSY et ergoth\u00e9rapie (Laprevotte, Mignon, Saltarelli)<br>\u2022 La m\u00e9moire chez l\u2019enfant d\u2019\u00e2ge scolaire (M. Mazeau)<br>\u2022 Strat\u00e9gies cognitives CO-OP (N. Cantin)<br>\u2022 Outils pour la formation et l\u2019animation : jeu de r\u00f4les, th\u00e9\u00e2tre-image et th\u00e9\u00e2tre-forum (F. Veuthey)<br>\u2022 Mod\u00e8le ludique (F. Ferland)<br>\u2022 Intervention pr\u00e9coce intensive en autisme (M.-H. Bouchez)<br>\u2022 Sviluppo Abitit\u00e0 Sociale (SAS) ou m\u00e9thode ergoth\u00e9rapeutique pour le d\u00e9veloppement des habilet\u00e9s sociales \u00e0 travers l\u2019utilisation des marionnettes, chez les enfants autistes ou atteints de trouble de la cognition sociale (E. Rossini-Drecq)<br>\u2022 Intervenir aupr\u00e8s de la client\u00e8le TED-autiste en ergoth\u00e9rapie\u00a0(N. Rouleau et J. Leblanc)<br>\u2022 Les \u00e9motions et l\u2019autisme (E. Thommen et M. Pachoud)<br>\u2022 Les aspects sensoriels et moteurs de l\u2019autisme (P. Brunod et D. Caucal)<br>\u2022 Jeu en ergoth\u00e9rapie (K. Stagnitti)<br>\u2022 Maximiser l\u2019attention avec Attentix (A. Caron)<br>\u2022 Etre attentif, c\u2019est bien\u2026Persister, c\u2019est mieux ! (A. Caron)<\/div>\n<\/div>\n<\/div>\n<div id=\"\\&quot;text-49-0-0-1\\&quot;\" class=\"\\&quot;module\">\n<div>\u00a0<\/div>\n<\/div>\n<div>\n<div><a href=\"https:\/\/ergobulle.ch\/index.php\/2015\/09\/16\/publication\/\"><b>Publications <\/b><\/a>:<\/div>\n<div><em>Je pars<\/em><em> en camp &#8211; sur le chemin de l&rsquo;autonomie avec les enfants TSA,<\/em> M. Richoz, Upbility, 2024<\/div>\n<div><em>Le Groupe et Moi &#8211; accompagner les enfants autistes dans les habilet\u00e9s sociales<a href=\"\\&quot;https:\/\/upbility.fr\/products\/le-groupe-et-moi-accompagner-les-enfants-autistes-dans-les-habiletes-sociales-edition-elargie\\&quot;\">,<\/a><\/em> M. Richoz, Upbility, 2023<\/div>\n<div><em>Le Groupe et moi<\/em>, M. Richoz &amp; V. B\u00e9guelin, Upbility, 2019<\/div>\n<div><em>Guider les enfants autistes dans les habilet\u00e9s sociales<\/em>, M. Richoz &amp; V. Rolle, De Boeck, 2015<\/div>\n<div>\u00a0<\/div>\n<div>\u00a0<\/div>\n<\/div>\n<div>\u00a0<\/div>\n<div>\u00a0<\/div>    <\/div>\n<\/div>\n<!-- \/module text -->        <\/div>\n                        <\/div>\n        <\/div>\n                        <div  data-parallax-bg=\"desktop\" data-lazy=\"1\" class=\"module_row themify_builder_row tb_5d9c7cc tf_w\">\n                        <div class=\"row_inner col_align_top tb_col_count_1 tf_box tf_rel\">\n                        <div  data-lazy=\"1\" class=\"module_column tb-column col-full tb_443914c first\">\n                            <\/div>\n                        <\/div>\n        <\/div>\n        <\/div>\n<!--\/themify_builder_content-->","protected":false},"excerpt":{"rendered":"","protected":false},"author":1,"featured_media":0,"parent":0,"menu_order":0,"comment_status":"closed","ping_status":"closed","template":"","meta":{"footnotes":""},"class_list":["post-91","page","type-page","status-publish","hentry","has-post-title","has-post-date","has-post-category","has-post-tag","has-post-comment","has-post-author",""],"builder_content":"<h2>L'\u00e9tablissement<\/h2>\n<p>Dans notre \u00e9tablissement, qui se situe au centre-ville de Bulle (CH), les consultations s'adressent \u00e0 des enfants ou adolescent.e.s pr\u00e9sentant des troubles du d\u00e9veloppement, m\u00eame l\u00e9gers.<\/p> <p>Les troubles du d\u00e9veloppement restreignent la capacit\u00e9 d\u2019action de l\u2019enfant et sont observables dans les activit\u00e9s de la vie quotidienne (habillage, repas, dessin, \u00e9criture, loisirs, etc.) o\u00f9 l\u2019enfant peut \u00eatre d\u00e9crit comme maladroit, brusque, lent\/impulsif, craintif\/t\u00e9m\u00e9raire, d\u00e9sorganis\u00e9, inattentif, peu endurant, peu pers\u00e9v\u00e9rant, h\u00e9sitant dans le choix d\u2019une main dominante, n'aimant pas dessiner, hyper\/hyposensible aux stimuli sensoriels.<\/p> <p>Ces difficult\u00e9s peuvent p\u00e9jorer ses apprentissages, son \u00e9panouissement personnel, sa relation aux autres (difficult\u00e9s \u00e0 jouer avec les pairs, \u00e0 se faire des ami.e.s, \u00e0 exprimer ses \u00e9motions, etc.) et sa capacit\u00e9 d\u2019autonomie dans sa vie de tous les jours.\u00a0<\/p> <p>Afin de favoriser un d\u00e9veloppement harmonieux, nous aidons l\u2019enfant \u00e0 exploiter son potentiel en lui proposant des activit\u00e9s cibl\u00e9es, avec un mat\u00e9riel et des techniques sp\u00e9cifiques (Le Groupe &amp; Moi, INS, Abc Boum !, etc.), en th\u00e9rapie individuelle et\/ou groupale.\u00a0<\/p>\n<h3>Habilet\u00e9s sociales - enfants &amp; adolescent.e.s \u00a0TSA\u00a0<\/h3> <p>L'une des sp\u00e9cificit\u00e9s de notre \u00e9tablissement est<strong> le travail sur les <a href=\"https:\/\/ergobulle.ch\/index.php\/2015\/09\/16\/travail-sur-les-habiletes-sociales\/\">habilet\u00e9s sociales<\/a> avec les enfants TSA, \u00e2g\u00e9s entre 8 et 12 ans et scolaris\u00e9s en circuit ordinaire<\/strong> (intervention par modules de 9 s\u00e9ances, alternant s\u00e9ances individuelles et groupales). Nous proposons aussi,\u00a0 \u00a0sur demande, des <strong>groupes d'habilet\u00e9s sociales \u00e0 des adolescent.e.s TSA, \u00e2g\u00e9.e.s entre 12 et 15 ans et scolaris\u00e9.e.s en circuit <\/strong><b>ordinaire<\/b>.<\/p> <p>Afin de mettre en pratique les apprentissages effectu\u00e9s au cabinet et afin de d\u00e9velopper l'autonomie, nous mettons ponctuellement sur pied des activit\u00e9s groupales diversifi\u00e9es (cuisine, piscine, parcours vitae, cin\u00e9ma, bataille navale en for\u00eat, etc.) qui impliquent des contacts avec le monde ext\u00e9rieur.\u00a0<\/p> <p>En fonction de la demande et des besoins de nos patients, nous proposons p\u00e9riodiquement les groupes suivants :\u00a0<\/p>\n<ul> <li><strong>Jeux de soci\u00e9t\u00e9<\/strong> (enfants TSA d\u00e8s 8 ans)<\/li> <li><strong>Mon corps change<\/strong> (adolescentes TSA)<\/li> <li><strong>\u00c0 la cuisine !\u00a0<\/strong>(enfants TSA d\u00e8s 8 ans)<\/li> <li><strong>Go\u00fbtons &amp; go\u00fbter\u00a0<\/strong>(enfants TSA d\u00e8s 8 ans)<\/li> <li><strong>Je joue en for\u00eat\u00a0<\/strong>(enfants TSA entre 5 et 7 ans)<\/li> <li><strong>Grimpe\u00a0<\/strong>(d\u00e8s 8 ans)<\/li> <li><strong>Graphisme <\/strong>(d\u00e8s 4 ans)<\/li> <li><strong>Place \u00e0 mon fr\u00e8re ou \u00e0 ma soeur !<\/strong> (rencontres ludiques o\u00f9 les enfants, dont le fr\u00e8re ou la soeur est TSA, \u00e9changent sur leur v\u00e9cu)<\/li> <li><strong>Je viens avec mon fr\u00e8re ou ma soeur\u00a0<\/strong>(ateliers d'habilet\u00e9s sociales pour enfants TSA d\u00e8s 8 ans et leur fr\u00e8re\/soeur)<\/li> <li><strong>Bin\u00f4mes parents-enfants<\/strong> (ateliers d'habilet\u00e9s sociales pour des enfants TSA d\u00e8s 8 ans et un de leur parent)<\/li> <li><strong>Mon corps et l'autre <\/strong>(bin\u00f4mes parents-enfants)<\/li> <li><strong>Rencontre entre parents d'enfants TSA<br><\/strong><\/li> <\/ul>\n<h2>Motifs de consultation<\/h2> <p>Nous apportons notre soutien aux enfants et adolescent.e.s pr\u00e9sentant des un.e :\u00a0<\/p> <ul> <li>difficult\u00e9s d'interactions sociales\/relationnelles (TSA, Asperger)<\/li> <li>trouble de l'int\u00e9gration sensorielle<\/li> <li>retard du d\u00e9veloppement neuromoteur<\/li> <li>dyspraxie (trouble d\u2019acquisition de la coordination)<\/li> <li>dysgraphie (trouble de de l'\u00e9criture)<\/li> <li>difficult\u00e9s au niveau de l'autonomie (habillage, repas, etc.)<\/li> <\/ul>\n<h2>Th\u00e9rapeutes<\/h2> <p>Nous sommes quatre ergoth\u00e9rapeutes \u00e0 collaborer dans le cabinet <em>Ergoth\u00e9rapie en P\u00e9diatrie, <\/em>cr\u00e9\u00e9 en 2009 :<\/p>\n[caption id=\"attachment_739\" align=\"alignnone\" width=\"180\"]<a href=\"http:\/\/ergobulle.ch\/wp-content\/uploads\/2023\/03\/melanie-150x150.jpeg\"><img loading=\"lazy\" decoding=\"async\" src=\"http:\/\/ergobulle.ch\/wp-content\/uploads\/2023\/03\/melanie-150x150.jpeg\" alt=\"\" width=\"180\" height=\"180\" \/><\/a> M\u00e9lanie Richoz[\/caption]\n<p>\u00a0<\/p> [caption id=\"attachment_740\" align=\"alignnone\" width=\"180\"]<a href=\"http:\/\/ergobulle.ch\/wp-content\/uploads\/2023\/03\/Louise_carre-150x150-1.jpeg\"><img loading=\"lazy\" decoding=\"async\" src=\"http:\/\/ergobulle.ch\/wp-content\/uploads\/2023\/03\/Louise_carre-150x150-1.jpeg\" alt=\"\" width=\"180\" height=\"180\" \/><\/a> Louise Debruyne[\/caption] <p>\u00a0<\/p> [caption id=\"attachment_741\" align=\"alignnone\" width=\"179\"]<a href=\"http:\/\/ergobulle.ch\/wp-content\/uploads\/2023\/03\/Margaux.jpeg\"><img loading=\"lazy\" decoding=\"async\" src=\"http:\/\/ergobulle.ch\/wp-content\/uploads\/2023\/03\/Margaux-298x300.jpeg\" alt=\"\" width=\"179\" height=\"180\" srcset=\"https:\/\/ergobulle.ch\/wp-content\/uploads\/2023\/03\/Margaux-298x300.jpeg 298w, https:\/\/ergobulle.ch\/wp-content\/uploads\/2023\/03\/Margaux-150x150.jpeg 150w, https:\/\/ergobulle.ch\/wp-content\/uploads\/2023\/03\/Margaux-768x773.jpeg 768w, https:\/\/ergobulle.ch\/wp-content\/uploads\/2023\/03\/Margaux-1017x1024.jpeg 1017w, https:\/\/ergobulle.ch\/wp-content\/uploads\/2023\/03\/Margaux.jpeg 1860w\" sizes=\"auto, (max-width: 179px) 100vw, 179px\" \/><\/a> Margaux Jungo[\/caption] <p>\u00a0<\/p> [caption id=\"attachment_1184\" align=\"alignnone\" width=\"178\"]<a href=\"http:\/\/ergobulle.ch\/wp-content\/uploads\/2025\/06\/Capture-decran-2025-06-01-a-22.18.51.png\"><img loading=\"lazy\" decoding=\"async\" src=\"http:\/\/ergobulle.ch\/wp-content\/uploads\/2025\/06\/Capture-decran-2025-06-01-a-22.18.51.png\" alt=\"\" width=\"178\" height=\"183\" \/><\/a> Lucile Freymond[\/caption]\n<b style=\"font-size: 16px;\">Formations continues <\/b>:\n\u2022 Guider les enfants autistes dans les habilet\u00e9s sociales (M. Richoz) \u2022 Int\u00e9gration neurosensorielle (J. Ayres)<br>\u2022 La modulation sensorielle et l\u2019autore\u0301gulation : ou\u0300 en sommes- nous? (N. Rouleau) \u2022 Enseignement de calligraphie ABC Boum! (N. Rouleau)<br>\u2022 Evaluation et traitement de l\u2019\u00e9criture chez les enfants pr\u00e9sentant des difficult\u00e9s motrices et perceptuelles (N. Rouleau)<br>\u2022 NEPSY et ergoth\u00e9rapie (Laprevotte, Mignon, Saltarelli)<br>\u2022 La m\u00e9moire chez l\u2019enfant d\u2019\u00e2ge scolaire (M. Mazeau)<br>\u2022 Strat\u00e9gies cognitives CO-OP (N. Cantin)<br>\u2022 Outils pour la formation et l\u2019animation : jeu de r\u00f4les, th\u00e9\u00e2tre-image et th\u00e9\u00e2tre-forum (F. Veuthey)<br>\u2022 Mod\u00e8le ludique (F. Ferland)<br>\u2022 Intervention pr\u00e9coce intensive en autisme (M.-H. Bouchez)<br>\u2022 Sviluppo Abitit\u00e0 Sociale (SAS) ou m\u00e9thode ergoth\u00e9rapeutique pour le d\u00e9veloppement des habilet\u00e9s sociales \u00e0 travers l\u2019utilisation des marionnettes, chez les enfants autistes ou atteints de trouble de la cognition sociale (E. Rossini-Drecq)<br>\u2022 Intervenir aupr\u00e8s de la client\u00e8le TED-autiste en ergoth\u00e9rapie\u00a0(N. Rouleau et J. Leblanc)<br>\u2022 Les \u00e9motions et l\u2019autisme (E. Thommen et M. Pachoud)<br>\u2022 Les aspects sensoriels et moteurs de l\u2019autisme (P. Brunod et D. Caucal)<br>\u2022 Jeu en ergoth\u00e9rapie (K. Stagnitti)<br>\u2022 Maximiser l\u2019attention avec Attentix (A. Caron)<br>\u2022 Etre attentif, c\u2019est bien\u2026Persister, c\u2019est mieux ! (A. Caron)\n\u00a0\n<a href=\"https:\/\/ergobulle.ch\/index.php\/2015\/09\/16\/publication\/\"><b>Publications <\/b><\/a>: <em>Je pars<\/em><em> en camp - sur le chemin de l'autonomie avec les enfants TSA,<\/em> M. Richoz, Upbility, 2024 <em>Le Groupe et Moi - accompagner les enfants autistes dans les habilet\u00e9s sociales<a href=\"\\&quot;https:\/\/upbility.fr\/products\/le-groupe-et-moi-accompagner-les-enfants-autistes-dans-les-habiletes-sociales-edition-elargie\\&quot;\">,<\/a><\/em> M. Richoz, Upbility, 2023 <em>Le Groupe et moi<\/em>, M. Richoz &amp; V. B\u00e9guelin, Upbility, 2019 <em>Guider les enfants autistes dans les habilet\u00e9s sociales<\/em>, M. Richoz &amp; V. Rolle, De Boeck, 2015 \u00a0 \u00a0\n\u00a0 \u00a0","_links":{"self":[{"href":"https:\/\/ergobulle.ch\/index.php\/wp-json\/wp\/v2\/pages\/91","targetHints":{"allow":["GET"]}}],"collection":[{"href":"https:\/\/ergobulle.ch\/index.php\/wp-json\/wp\/v2\/pages"}],"about":[{"href":"https:\/\/ergobulle.ch\/index.php\/wp-json\/wp\/v2\/types\/page"}],"author":[{"embeddable":true,"href":"https:\/\/ergobulle.ch\/index.php\/wp-json\/wp\/v2\/users\/1"}],"replies":[{"embeddable":true,"href":"https:\/\/ergobulle.ch\/index.php\/wp-json\/wp\/v2\/comments?post=91"}],"version-history":[{"count":223,"href":"https:\/\/ergobulle.ch\/index.php\/wp-json\/wp\/v2\/pages\/91\/revisions"}],"predecessor-version":[{"id":1466,"href":"https:\/\/ergobulle.ch\/index.php\/wp-json\/wp\/v2\/pages\/91\/revisions\/1466"}],"wp:attachment":[{"href":"https:\/\/ergobulle.ch\/index.php\/wp-json\/wp\/v2\/media?parent=91"}],"curies":[{"name":"wp","href":"https:\/\/api.w.org\/{rel}","templated":true}]}}